{"id":1633,"date":"2025-04-11T19:24:02","date_gmt":"2025-04-11T19:24:02","guid":{"rendered":"https:\/\/beautifulflowers.com.co\/?post_type=product&#038;p=1633"},"modified":"2026-02-04T16:59:28","modified_gmt":"2026-02-04T16:59:28","slug":"ramo-lirios-amarillos-naranjas","status":"publish","type":"product","link":"https:\/\/beautifulflowers.com.co\/index.php\/product\/ramo-lirios-amarillos-naranjas\/","title":{"rendered":"Ramo &#8220;Amanecer C\u00e1lido&#8221; \u2013 Lirios y Flores Variadas en Tonos Vivos"},"content":{"rendered":"<p class=\"\" data-start=\"806\" data-end=\"1113\">El ramo &#8220;Amanecer C\u00e1lido&#8221; es una explosi\u00f3n de color y energ\u00eda positiva. Est\u00e1 compuesto por lirios en tonos amarillos, naranjas y rosados, acompa\u00f1ados de flores variadas que aportan volumen, frescura y una presentaci\u00f3n sofisticada. Ideal para celebrar momentos felices o dar un mensaje de cari\u00f1o y optimismo.<\/p>\n<p class=\"\" data-start=\"1115\" data-end=\"1146\"><strong data-start=\"1115\" data-end=\"1144\">Caracter\u00edsticas del ramo:<\/strong><\/p>\n<ul data-start=\"1147\" data-end=\"1321\">\n<li class=\"\" data-start=\"1147\" data-end=\"1195\">\n<p class=\"\" data-start=\"1149\" data-end=\"1195\">Lirios frescos en tonos c\u00e1lidos y vibrantes.<\/p>\n<\/li>\n<li class=\"\" data-start=\"1196\" data-end=\"1257\">\n<p class=\"\" data-start=\"1198\" data-end=\"1257\">Acompa\u00f1ado de flores variadas y follaje verde decorativo.<\/p>\n<\/li>\n<li class=\"\" data-start=\"1258\" data-end=\"1321\">\n<p class=\"\" data-start=\"1260\" data-end=\"1321\">Envoltura azul marino con lazo rosa, elegante y contrastante.<\/p>\n<\/li>\n<\/ul>\n<p class=\"\" data-start=\"1323\" data-end=\"1343\"><strong data-start=\"1323\" data-end=\"1341\">Perfecto para:<\/strong><\/p>\n<ul data-start=\"1344\" data-end=\"1498\">\n<li class=\"\" data-start=\"1344\" data-end=\"1394\">\n<p class=\"\" data-start=\"1346\" data-end=\"1394\">Celebrar cumplea\u00f1os, agradecimientos o logros.<\/p>\n<\/li>\n<li class=\"\" data-start=\"1395\" data-end=\"1447\">\n<p class=\"\" data-start=\"1397\" data-end=\"1447\">Regalar a alguien especial en cualquier ocasi\u00f3n.<\/p>\n<\/li>\n<li class=\"\" data-start=\"1448\" data-end=\"1498\">\n<p class=\"\" data-start=\"1450\" data-end=\"1498\">Decorar espacios con un toque alegre y elegante.<\/p>\n<\/li>\n<\/ul>\n<p class=\"\" data-start=\"1500\" data-end=\"1580\"><strong data-start=\"1500\" data-end=\"1580\">Servicio de entrega a domicilio en Villavicencio con atenci\u00f3n personalizada.<\/strong><\/p>\n<p>&nbsp;<\/p>\n<p>&nbsp;<\/p>\n","protected":false},"excerpt":{"rendered":"<p>El ramo &#8220;Amanecer C\u00e1lido&#8221; es una explosi\u00f3n de color y energ\u00eda positiva. Est\u00e1 compuesto por lirios en tonos amarillos, naranjas y rosados, acompa\u00f1ados de flores variadas que aportan volumen, frescura y una presentaci\u00f3n sofisticada. Ideal para celebrar momentos felices o dar un mensaje de cari\u00f1o y optimismo.<\/p>\n<p>&nbsp;<\/p>\n","protected":false},"featured_media":1634,"comment_status":"open","ping_status":"closed","template":"","meta":[],"product_brand":[],"product_cat":[15,33],"product_tag":[46,47,45,49,55,54],"class_list":{"0":"post-1633","1":"product","2":"type-product","3":"status-publish","4":"has-post-thumbnail","6":"product_cat-ocasion","7":"product_cat-categoria-ramos-de-mano","8":"product_tag-amor","9":"product_tag-aniversario","10":"product_tag-cumpleanos","11":"product_tag-perdon","12":"product_tag-diadelamujer","13":"product_tag-paramama","15":"first","16":"instock","17":"shipping-taxable","18":"purchasable","19":"product-type-simple"},"yoast_head":"<!-- This site is optimized with the Yoast SEO plugin v27.0 - https:\/\/yoast.com\/product\/yoast-seo-wordpress\/ -->\n<title>Ramo de Lirios Amarillos y Naranjas | Flores Variadas a Domicilio<\/title>\n<meta name=\"description\" content=\"Ramo de flores variadas con lirios en tonos amarillos, naranjas y rosados. Ideal para regalar alegr\u00eda, celebrar cumplea\u00f1os o agradecer con un detalle.\" \/>\n<meta name=\"robots\" content=\"index, follow, max-snippet:-1, max-image-preview:large, max-video-preview:-1\" \/>\n<link rel=\"canonical\" href=\"https:\/\/beautifulflowers.com.co\/index.php\/product\/ramo-lirios-amarillos-naranjas\/\" \/>\n<meta property=\"og:locale\" content=\"es_ES\" \/>\n<meta property=\"og:type\" content=\"article\" \/>\n<meta property=\"og:title\" content=\"Ramo de Lirios Amarillos y Naranjas | Flores Variadas a Domicilio\" \/>\n<meta property=\"og:description\" content=\"Ramo de flores variadas con lirios en tonos amarillos, naranjas y rosados. Ideal para regalar alegr\u00eda, celebrar cumplea\u00f1os o agradecer con un detalle.\" \/>\n<meta property=\"og:url\" content=\"https:\/\/beautifulflowers.com.co\/index.php\/product\/ramo-lirios-amarillos-naranjas\/\" \/>\n<meta property=\"article:modified_time\" content=\"2026-02-04T16:59:28+00:00\" \/>\n<meta property=\"og:image\" content=\"https:\/\/beautifulflowers.com.co\/wp-content\/uploads\/2025\/04\/9.png\" \/>\n\t<meta property=\"og:image:width\" content=\"1080\" \/>\n\t<meta property=\"og:image:height\" content=\"1080\" \/>\n\t<meta property=\"og:image:type\" content=\"image\/png\" \/>\n<meta name=\"twitter:card\" content=\"summary_large_image\" \/>\n<meta name=\"twitter:label1\" content=\"Tiempo de lectura\" \/>\n\t<meta name=\"twitter:data1\" content=\"1 minuto\" \/>\n<script type=\"application\/ld+json\" class=\"yoast-schema-graph\">{\"@context\":\"https:\/\/schema.org\",\"@graph\":[{\"@type\":\"WebPage\",\"@id\":\"https:\/\/beautifulflowers.com.co\/index.php\/product\/ramo-lirios-amarillos-naranjas\/\",\"url\":\"https:\/\/beautifulflowers.com.co\/index.php\/product\/ramo-lirios-amarillos-naranjas\/\",\"name\":\"Ramo de Lirios Amarillos y Naranjas | Flores Variadas a Domicilio\",\"isPartOf\":{\"@id\":\"https:\/\/beautifulflowers.com.co\/#website\"},\"primaryImageOfPage\":{\"@id\":\"https:\/\/beautifulflowers.com.co\/index.php\/product\/ramo-lirios-amarillos-naranjas\/#primaryimage\"},\"image\":{\"@id\":\"https:\/\/beautifulflowers.com.co\/index.php\/product\/ramo-lirios-amarillos-naranjas\/#primaryimage\"},\"thumbnailUrl\":\"https:\/\/beautifulflowers.com.co\/wp-content\/uploads\/2025\/04\/9.png\",\"datePublished\":\"2025-04-11T19:24:02+00:00\",\"dateModified\":\"2026-02-04T16:59:28+00:00\",\"description\":\"Ramo de flores variadas con lirios en tonos amarillos, naranjas y rosados. Ideal para regalar alegr\u00eda, celebrar cumplea\u00f1os o agradecer con un detalle.\",\"breadcrumb\":{\"@id\":\"https:\/\/beautifulflowers.com.co\/index.php\/product\/ramo-lirios-amarillos-naranjas\/#breadcrumb\"},\"inLanguage\":\"es-CO\",\"potentialAction\":[{\"@type\":\"ReadAction\",\"target\":[\"https:\/\/beautifulflowers.com.co\/index.php\/product\/ramo-lirios-amarillos-naranjas\/\"]}]},{\"@type\":\"ImageObject\",\"inLanguage\":\"es-CO\",\"@id\":\"https:\/\/beautifulflowers.com.co\/index.php\/product\/ramo-lirios-amarillos-naranjas\/#primaryimage\",\"url\":\"https:\/\/beautifulflowers.com.co\/wp-content\/uploads\/2025\/04\/9.png\",\"contentUrl\":\"https:\/\/beautifulflowers.com.co\/wp-content\/uploads\/2025\/04\/9.png\",\"width\":1080,\"height\":1080,\"caption\":\"Bouquet de lirios\"},{\"@type\":\"BreadcrumbList\",\"@id\":\"https:\/\/beautifulflowers.com.co\/index.php\/product\/ramo-lirios-amarillos-naranjas\/#breadcrumb\",\"itemListElement\":[{\"@type\":\"ListItem\",\"position\":1,\"name\":\"Inicio\",\"item\":\"https:\/\/beautifulflowers.com.co\/\"},{\"@type\":\"ListItem\",\"position\":2,\"name\":\"Tienda\",\"item\":\"https:\/\/beautifulflowers.com.co\/index.php\/catalogo-de-todos-nuestros-productos\/\"},{\"@type\":\"ListItem\",\"position\":3,\"name\":\"Ramo &#8220;Amanecer C\u00e1lido&#8221; \u2013 Lirios y Flores Variadas en Tonos Vivos\"}]},{\"@type\":\"WebSite\",\"@id\":\"https:\/\/beautifulflowers.com.co\/#website\",\"url\":\"https:\/\/beautifulflowers.com.co\/\",\"name\":\"\",\"description\":\"Floristeria Beautiful Flowers\",\"potentialAction\":[{\"@type\":\"SearchAction\",\"target\":{\"@type\":\"EntryPoint\",\"urlTemplate\":\"https:\/\/beautifulflowers.com.co\/?s={search_term_string}\"},\"query-input\":{\"@type\":\"PropertyValueSpecification\",\"valueRequired\":true,\"valueName\":\"search_term_string\"}}],\"inLanguage\":\"es-CO\"}]}<\/script>\n<!-- \/ Yoast SEO plugin. -->","yoast_head_json":{"title":"Ramo de Lirios Amarillos y Naranjas | Flores Variadas a Domicilio","description":"Ramo de flores variadas con lirios en tonos amarillos, naranjas y rosados. Ideal para regalar alegr\u00eda, celebrar cumplea\u00f1os o agradecer con un detalle.","robots":{"index":"index","follow":"follow","max-snippet":"max-snippet:-1","max-image-preview":"max-image-preview:large","max-video-preview":"max-video-preview:-1"},"canonical":"https:\/\/beautifulflowers.com.co\/index.php\/product\/ramo-lirios-amarillos-naranjas\/","og_locale":"es_ES","og_type":"article","og_title":"Ramo de Lirios Amarillos y Naranjas | Flores Variadas a Domicilio","og_description":"Ramo de flores variadas con lirios en tonos amarillos, naranjas y rosados. Ideal para regalar alegr\u00eda, celebrar cumplea\u00f1os o agradecer con un detalle.","og_url":"https:\/\/beautifulflowers.com.co\/index.php\/product\/ramo-lirios-amarillos-naranjas\/","article_modified_time":"2026-02-04T16:59:28+00:00","og_image":[{"width":1080,"height":1080,"url":"https:\/\/beautifulflowers.com.co\/wp-content\/uploads\/2025\/04\/9.png","type":"image\/png"}],"twitter_card":"summary_large_image","twitter_misc":{"Tiempo de lectura":"1 minuto"},"schema":{"@context":"https:\/\/schema.org","@graph":[{"@type":"WebPage","@id":"https:\/\/beautifulflowers.com.co\/index.php\/product\/ramo-lirios-amarillos-naranjas\/","url":"https:\/\/beautifulflowers.com.co\/index.php\/product\/ramo-lirios-amarillos-naranjas\/","name":"Ramo de Lirios Amarillos y Naranjas | Flores Variadas a Domicilio","isPartOf":{"@id":"https:\/\/beautifulflowers.com.co\/#website"},"primaryImageOfPage":{"@id":"https:\/\/beautifulflowers.com.co\/index.php\/product\/ramo-lirios-amarillos-naranjas\/#primaryimage"},"image":{"@id":"https:\/\/beautifulflowers.com.co\/index.php\/product\/ramo-lirios-amarillos-naranjas\/#primaryimage"},"thumbnailUrl":"https:\/\/beautifulflowers.com.co\/wp-content\/uploads\/2025\/04\/9.png","datePublished":"2025-04-11T19:24:02+00:00","dateModified":"2026-02-04T16:59:28+00:00","description":"Ramo de flores variadas con lirios en tonos amarillos, naranjas y rosados. Ideal para regalar alegr\u00eda, celebrar cumplea\u00f1os o agradecer con un detalle.","breadcrumb":{"@id":"https:\/\/beautifulflowers.com.co\/index.php\/product\/ramo-lirios-amarillos-naranjas\/#breadcrumb"},"inLanguage":"es-CO","potentialAction":[{"@type":"ReadAction","target":["https:\/\/beautifulflowers.com.co\/index.php\/product\/ramo-lirios-amarillos-naranjas\/"]}]},{"@type":"ImageObject","inLanguage":"es-CO","@id":"https:\/\/beautifulflowers.com.co\/index.php\/product\/ramo-lirios-amarillos-naranjas\/#primaryimage","url":"https:\/\/beautifulflowers.com.co\/wp-content\/uploads\/2025\/04\/9.png","contentUrl":"https:\/\/beautifulflowers.com.co\/wp-content\/uploads\/2025\/04\/9.png","width":1080,"height":1080,"caption":"Bouquet de lirios"},{"@type":"BreadcrumbList","@id":"https:\/\/beautifulflowers.com.co\/index.php\/product\/ramo-lirios-amarillos-naranjas\/#breadcrumb","itemListElement":[{"@type":"ListItem","position":1,"name":"Inicio","item":"https:\/\/beautifulflowers.com.co\/"},{"@type":"ListItem","position":2,"name":"Tienda","item":"https:\/\/beautifulflowers.com.co\/index.php\/catalogo-de-todos-nuestros-productos\/"},{"@type":"ListItem","position":3,"name":"Ramo &#8220;Amanecer C\u00e1lido&#8221; \u2013 Lirios y Flores Variadas en Tonos Vivos"}]},{"@type":"WebSite","@id":"https:\/\/beautifulflowers.com.co\/#website","url":"https:\/\/beautifulflowers.com.co\/","name":"","description":"Floristeria Beautiful Flowers","potentialAction":[{"@type":"SearchAction","target":{"@type":"EntryPoint","urlTemplate":"https:\/\/beautifulflowers.com.co\/?s={search_term_string}"},"query-input":{"@type":"PropertyValueSpecification","valueRequired":true,"valueName":"search_term_string"}}],"inLanguage":"es-CO"}]}},"_links":{"self":[{"href":"https:\/\/beautifulflowers.com.co\/index.php\/wp-json\/wp\/v2\/product\/1633","targetHints":{"allow":["GET"]}}],"collection":[{"href":"https:\/\/beautifulflowers.com.co\/index.php\/wp-json\/wp\/v2\/product"}],"about":[{"href":"https:\/\/beautifulflowers.com.co\/index.php\/wp-json\/wp\/v2\/types\/product"}],"replies":[{"embeddable":true,"href":"https:\/\/beautifulflowers.com.co\/index.php\/wp-json\/wp\/v2\/comments?post=1633"}],"wp:featuredmedia":[{"embeddable":true,"href":"https:\/\/beautifulflowers.com.co\/index.php\/wp-json\/wp\/v2\/media\/1634"}],"wp:attachment":[{"href":"https:\/\/beautifulflowers.com.co\/index.php\/wp-json\/wp\/v2\/media?parent=1633"}],"wp:term":[{"taxonomy":"product_brand","embeddable":true,"href":"https:\/\/beautifulflowers.com.co\/index.php\/wp-json\/wp\/v2\/product_brand?post=1633"},{"taxonomy":"product_cat","embeddable":true,"href":"https:\/\/beautifulflowers.com.co\/index.php\/wp-json\/wp\/v2\/product_cat?post=1633"},{"taxonomy":"product_tag","embeddable":true,"href":"https:\/\/beautifulflowers.com.co\/index.php\/wp-json\/wp\/v2\/product_tag?post=1633"}],"curies":[{"name":"wp","href":"https:\/\/api.w.org\/{rel}","templated":true}]}}